 4) - (0 + -6)?
14
What is the value of -6 + -3 - (-7 + -1 + (-15 - -10))?
4
Calculate -28 + 26 - ((7 - 10) + 2).
-1
What is (-91 - -85) + (19 - 0)?
13
What is the value of 13 - 34 - -25 - (1 - -12)?
-9
What is the value of -22 - (38 + -37 + -7)?
-16
Evaluate -13 + (-16 - (-20 - -11)).
-20
Evaluate -44 + 33 - (-11 - -3).
-3
Evaluate -1 + 4 - (-7 - (-8 + 2 + 2)).
6
What is (20 - (-2 - -13) - -4) + 9?
22
What is 2 + 10 - (-5 + 10 + -4)?
11
What is -15 + 22 + -7 + -5?
-5
What is 15 - -5 - (-2 + 33)?
-11
Calculate -4 + 27 + -16 + -19.
-12
Calculate -6 - -61 - 20 - 61.
-26
Calculate -21 + (2 + 6 - -5).
-8
Evaluate -8 - -1 - (-13 + 14 - (1 - 0)).
-7
-1 - -11 - (-4 + (20 - (4 + 7)))
5
What is (29 + 4 - 17) + -23?
-7
Evaluate 2 - (-1 + -2 + -7 + 4).
8
Calculate -1 + 15 - (10 + (-2 - 3) + 0).
9
What is (37 - (31 - -13)) + (23 - (-1 - -1))?
16
What is the value of -20 - (-40 - 7) - 35?
-8
What is 9 - ((-194 - -201) + (0 + 0 - 0))?
2
Evaluate (-9 - 4) + (-20 - -41).
8
Calculate (-30 - (3 + 2)) + 17.
-18
(16 - 6) + -19 + 19
10
What is -2 - (2 + -13 + 9)?
0
(14 - (-24 - -22)) + (2 - 5) + 1
14
What is -1 + (12 - (8 - 1)) + 13?
17
Evaluate (8 - -5 - 70) + 3 + 17.
-37
What is 24 + (3 + -30 - 1)?
-4
What is the value of 14 + -8 + 0 - (-2 + 9) - -10?
9
What is 287 + -288 + (2 - 5 - -2) + 9?
7
10 + 3 + (43 - 60)
-4
What is the value of -5 + (9 - (2 + -2 - -14))?
-10
What is the value of -8 - -20 - (17 + -20 + (5 - 0))?
10
-31 + (20 - -10) + 2
1
Evaluate (-13 + -9 - (0 - 0)) + (-13 - -15).
-20
-1 + 11 + (8 + 6 + -25 - -14)
13
What is the value of (38 - 26) + -25 + 9 + -18?
-22
10 - (-20 + 6 + 36)
-12
Calculate (22 - (2 + 8)) + -1 + 9.
20
15 + -2 + (99 - 92)
20
What is the value of 9 - (-1 - (2 - 15)) - -29?
26
Calculate (4 - 49) + 12 - -22.
-11
What is 15 - 1 - ((-9 - -51) + -9)?
-19
What is 4 + -5 + 11 + 2?
12
What is the value of (53 - 50) + -2 + -11 + 9?
-1
What is -919 + 922 - ((0 - 1) + 8)?
-4
What is the value of 32 + 4 + -9 + (-19 - -27)?
35
What is -3 + (16 - (17 + -5)) - (1 - -5)?
-5
What is -7 - (6 + -5 + 7 + (-9 - -6))?
-12
What is 36 - 7 - (-12 + (-20 - -33))?
28
What is (-15 - (-2 + 1)) + 131 + -131?
-14
What is the value of -2 - ((2 - 18) + (17 - 13))?
10
Evaluate -6 + -16 + 7 + 30.
15
What is the value of (75 - 74) + -16 + -7?
-22
Evaluate 831 - 820 - (-1 - 3).
15
What is the value of (-7 - -5 - (0 - 16)) + -98 + 104?
20
Evaluate 1 + (7 - (-17 - -23)).
2
What is (-1 - ((3 - -6) + -33)) + (-9 - -7)?
21
What is (-1 + -7 - -8) + -1?
-1
Evaluate -21 - -21 - (9 - 8).
-1
What is the value of -12 + (-51 + 57 - ((3 - -2) + 1))?
-12
Evaluate 3 + (5 - -9) + (5 - 15) + 11.
18
8 + -28 + (27 - 14)
-7
What is the value of 2 - -8 - (4 - 11)?
17
What is the value of 28 - 13 - 16 - 12?
-13
Evaluate (-4 - -13 - 4) + 8 - (0 + 2).
11
Evaluate (-18 + 11 - (-5 + 1 + -4)) + 13.
14
Evaluate (0 - (0 + 3)) + (-2 - -21 - 22).
-6
What is the value of -2 + (-14 + (-6 - -5) - -10)?
-7
-1 + 7 + -15 + -1
-10
Evaluate (-18 + (10 - 18) - 4) + 3.
-27
-1 + (-21 - -1) - (-3 + -24 + 20)
-14
What is -4 + 10 + -1 - (25 - (14 + -8))?
-14
What is the value of 7 + 6 - (4 - -1)?
8
What is -23 - (41 - 89) - -6?
31
Calculate -9 + (3 - 2) + 16.
8
What is the value of -24 - -6 - -14 - 5?
-9
Evaluate -55 - (-57 - -32) - -36.
6
What is the value of -8 - (-1 + 7 + -7 - (-11 + 3))?
-15
What is the value of -9 + -2 - (-12 + 1) - 12?
-12
Calculate 12 - (-7 + 23 + 2).
-6
What is -2 - 1 - (-1 + -10) - (-43 - -60)?
-9
Evaluate (6 - 7) + -4 - -3 - (-2 + -12).
12
Evaluate 15 + -15 - 9 - -14.
5
(1 - -2) + (3 - 5) + -4 + 9
6
What is (4 - -7) + -4 + -3?
4
Calculate -7 + 8 + 4 + -9 - 1.
-5
(23 - 19 - -19) + -27
-4
7 - 0 - ((21 - 15) + -8 + 9)
0
4 + -10 - (-5 - (-16 + 5))
-12
-17 + 23 + (-11 - -5)
0
Evaluate -6 + -37 - (-7 - 3).
-33
What is -1 - (5 + -5 - 1) - -10?
10
Calculate 31 + -40 - (17 - (16 - 9)).
-19
Evaluate 3 - (-53 - -32 - -23 - (1 - 3)).
-1
What is the value of (2 + 8 - (3 - -4)) + 0?
3
Calculate -5 + (4 - (-2 - -12) - 1 - -5).
-7
16 + -2 + 2 + -10
6
(10 - 10) + (1 - -8) + -3 + -16
-10
6 - (2 + -8 + 3 + 17) - 7
-15
Calculate (-16 - -18) + (24 - 12) - 47.
-33
35 - 35 - (3 - 1) - (7 + -1)
-8
4 + (-4 - (2 + -5 - -4) - -4)
3
Calculate 119 + -91 + -1 + -7.
20
9 - (3 - (6 - 7)) - 9
-4
Evaluate 44 - (-47 - -21 - -44).
26
What is 7 - 5 - (18 - -1)?
-17
What is -27 + -1 + (7 - -17)?
-4
14 + (6 - -4) + -7 + -6
11
Calculate -14 - (-1 + -2 - (-3 + 17 - 12)).
-9
Calculate 19 + -7 + -9 + 0 + -11.
-8
Evaluate 26 + (13 - 38) - -12.
13
1 + -2 + 0 + 7 + -38 + 22
-10
What is the value of -5 - (-6 + (-8 - (-4 - -2) - -6))?
1
What is the value of -3 - (0 + 10 + 10 + -12)?
-11
7 + (2 + -5 - (70 + -79))
13
Calculate 7 + -6 + -14 + 20 + -31.
-24
What is ((-10 - -9) + 17 - 6) + -11 + -22?
-23
7 + (6 - (17 + -6))
2
What is the value of (-3 - -1) + -3 + (16 - 21)?
-10
What is -8 + -4 + (3 - (-4 + 15))?
-20
Evaluate (10 - 5 - 2) + (23 - 22).
4
Evaluate (1 - -18) + (-12 - -13) + -2.
18
Evaluate 2 + -2 + (11 + -6 - 11).
-6
What is the value of (11 - (-8 - -8 - -12)) + (-2 - 2)?
-5
Calculate -5 - ((6 - 11) + -13 - (-4 + 3)).
12
-9 + (-11 - (-1 - 4)) + 29
14
What is the value of 2 - (-9 + 4 + -2 + 25 - 1)?
-15
Evaluate -10 - (-29 + (-4 - 7 - -13)).
17
Calculate -31 - 1 - (-33 + -23).
24
6 + -17 + (-8 - (0 + -34))
15
Calculate 8 + (-30 - -33 - (9 + -1)) - 5.
-2
9 + (2 - 3) + 1 + 0
9
1 + 1 + -4 + 35 + -26
7
Evaluate -2 + (-1 + 3 - -14 - (256 - 255)).
13
What is -10 + -1 - ((-11 - 1) + 12)?
-11
2 + 0 + -2 - (-3 - 0) - 9
-6
Evaluate 8 - (11 - (15 + -8)).
4
(19 - (44 - -7) - -23) + 0 + 21
12
What is the value of -14 + -7 + 8 + 0?
-13
Calculate 15 + -9 + (36 - -3) - (2 - -6).
37
-11 - (11 - 7) - -15
0
(-48 - -41) + (0 - 3)
-10
(5 + 0 - (-1 - (0 + -4))) + 3
5
What is the value of (-451 - -452) + -3 + 1 + 5 + 5?
9
Calculate -20 - -2 - (28 + -12 - 21).
-13
-73 - (-38 + -19) - (6 + -1)
-21
Calculate (-20 - 7 - (28 - 48)) + 2 + -1.
-6
What is the value of (1 - (6 + -13)) + -2 + -1 - 0?
5
What is -30 + 36 + -3 + 2 - -7?
12
Calculate -22 + -19 + 41 + -16.
-16
Evaluate -13 - (-3 + 0) - -6.
-4
Calculate 10 - ((-22 - -14 - -5) + 13).
0
Evaluate (13 - (-17 - -31)) + -7.
-8
Evaluate -1849 + 1836 - (22 - 1).
-34
3 + (-3 - -8 - 6) + 12 + -23
-9
Calculate -25 + (9 - -17) - (4 + (8 - 4)).
-7
What is (-10 - 1) + 9 + (2 - 1) + 3?
2
Evaluate 5 - ((-4 - -7) + 20 + -8).
-10
What is the value of -4 + (1 - (9 - -4)) + 10?
-6
What is -1 + 7 + (-411 - -412)?
7
What is the value of 2 - (4 - (-1 - -9) - 6)?
12
53 + 7 + -31 + -2
27
(3 - (1 - (1 - 2))) + -152 + 142
-9
What is the value of -17 - (16 - 13) - -19?
-1
What is -47 - -65 - (-1 + (-21 - -7))?
33
What is 7 - -4 - (21 + 1)?
-11
Evaluate (14 - (-4 + -6 + 18)) + -17.
-11
What is the value of -15 + 8 + 6 + (-7 - -1) + -1?
-8
What is the value of (-1 - -1) + 5 + -354 + 361?
12
Evaluate -16 - -7 - 8 - ((-5 - 0) + -1).
-11
Calculate -3 - (-1 + 13 + -4).
-11
14 + (3 - 10 - 1)
6
Calculate 0 + 11 + (-11 + 14 - 23 - 5).
-14
8 + 1 - (-33 - (41 + -74))
9
Evaluate 1 - (64 - 9) - (-19 - -2).
-37
82 - 73 - (-2 + 24)
-13
Evaluate -4 - ((9 - (5 + -10)) + -9).
-9
3 + (-97 + 121 - (2 + 0))
25
Calculate 9 + (9 - 0 - (-135 + 141)).
12
What is the value of 1 + 4 + (-401 - -412)?
16
Evaluate 9 + -45 - (-52 - -3).
13
Calculate 3 - (-12 + (-4 - (-5 - 4))).
10
What is the value of 0 - (-20 - (-4 + 8 + -10))?
14
(-19 - (-1 + 0)) + (38 - -19) + -65
-26
What is -11 + 1 - ((18 - 11) + 4 + -11)?
-10
Calculate 31 - (-18 + 24) - (-1 - -15).
11
What is the value of -7 + 1 + (-2 - (4 - -1)) + 3?
-10
What is the value of (7 - 12) + 10 + (2 - 11 - -1)?
-3
What is the value of 5 + -5 + (-9 - -4) + (-8 - 1)?
-14
What is ((-13 - -18) + -13 - -8) + (-28 - 0)?
-28
What is -1 + 24 + -14 + 0 + -4?
5
-12 + -6 + (2 - -9) + 5
-2
What is 4 + -5 + -13 - (-3 - -9 - 12)?
-8
What is 17 + -1 + -7 + 6 + (-1 - 0)?
14
What is (-1 - -26) + -12 - 22?
-9
What is (-17 - (2 + -2)) + -464 + 474?
-7
48 + -58 + -2 + (-1 - (-1 + 4))
-16
Evaluate 6 + 11 + 1 + 1 + 0.
19
What is the value of 7 + -40 + (-2 - (4 - 2)) - -6?
-31
21 - 6 - (6 - -3)
6
Evaluate -756 - -791 - (16 - 0).
19
Evaluate 11 - (-16 + 17 + 10).
0
What is the value of 390 - 387 - ((-1 - 6) + 0)?
10
Evaluate -27 + 4 + -12 + 19 + -4.
-20
Evaluate 3 - (-1 + 4) - (7 + -2).
-5
Evaluate 0 - ((-17 + 34 - 19) 